et k = x - 32. Calculate the remainder when 77 is divided by k.
14
Suppose 28*j - 23*j - 3*q = 100, 0 = -j - 2*q + 33. Calculate the remainder when 3976 is divided by j.
20
Let z = 4433 - 4317. What is the remainder when 477 is divided by z?
13
Let j = -645 + 939. Let s = 561 - j. Calculate the remainder when s is divided by 18.
15
Suppose y + 5*t = -375 - 140, 2*y = 3*t - 978. Let q = y + 516. Calculate the remainder when 438 is divided by q.
18
Let l = 189 - 58. Let m be 8/10*25/(-10). What is the remainder when l is divided by m/(-4) + 520/16?
32
What is the remainder when 438 is divided by 26/(-18) - -1 - (-1)/((-9)/(-580))?
54
Suppose 9*o - 39 - 60 = 0. Let a(j) = 17*j - 175. Calculate the remainder when 48 is divided by a(o).
0
Let i(f) = -2*f**2 - 50*f - 86. Calculate the remainder when 4744 is divided by i(-13).
224
Suppose 0 = 32*s - 439 - 1289. What is the remainder when (-106)/6*(-45)/5 is divided by s?
51
Let y be 16066/58*1/(-1). Let t = y + 296. Calculate the remainder when 72 is divided by t.
15
Suppose -6*c = m - 2*c + 109, 0 = -2*m + 2*c - 268. Suppose 718 = 126*h - 416. Calculate the remainder when (m/9)/(1/(-3)) is divided by h.
7
Let h = 1559 - 289. What is the remainder when h is divided by 37?
12
Suppose -3*l + 880 = 5*c, -l + 28*c + 299 = 24*c. What is the remainder when l is divided by 79?
58
Suppose 3*n = -5*o - 1747 + 14642, -21499 = -5*n - o. Suppose 50*q - 3000 = n. What is the remainder when q is divided by 37?
35
Suppose -6960 + 17622 = 51*i - 10605. What is the remainder when i is divided by 47?
41
Suppose -2*m = -3*g - 3*m + 58, -2 = -g + 4*m. Let y = -939 - -1023. What is the remainder when y is divided by g?
12
Let z = 92 + -77. Let s = 49 + -75. Calculate the remainder when z is divided by (-1)/(-3) - s/3.
6
Let u = 4118 + -433. Calculate the remainder when u is divided by 1227.
4
Calculate the remainder when 66 is divided by (-180)/120*(-5)/(30/68).
15
Suppose 5*t + 25 = 0, -g + 4*t = -3*g + 8. Suppose -16*l + 8 = -g*l. Calculate the remainder when 6 is divided by l.
2
Suppose 2*s + 2*q + 96 = 28, -4*q + 56 = -2*s. Calculate the remainder when (-3 - -5)/1 - (-1 + -56) is divided by s/24*30/(-4).
9
Let o be 0 + -3 - (-6 - (-18 + 0)). Calculate the remainder when (-3)/2*190/o is divided by (2 - 4)*(-10)/4.
4
Suppose -22 = -g + 25. Let k(t) = t**2 + 10*t + 135. Calculate the remainder when k(-16) is divided by g.
43
What is the remainder when 94 is divided by 47 - 5*(8/10)/1?
8
Let y(r) = 3*r**3 + 7*r - 4. Let u be 12/3 + (10 - 12). Calculate the remainder when 199 is divided by y(u).
29
Let f = 661 + 850. What is the remainder when f is divided by 169?
159
Suppose 4*g + 14149 = 5*s, -5*s + 6*g + 8259 = -5882. What is the remainder when s is divided by 35?
33
Suppose -3432 = -74*w - 82*w. Calculate the remainder when 341 is divided by w.
11
What is the remainder when ((-4664)/(-265))/(6/1935) is divided by 17?
15
Let l be (448/(-256))/((-1)/312). Suppose -l = 3*s - 819. What is the remainder when s is divided by 46?
45
Suppose 4*j + 7 = 51. Calculate the remainder when -1 + (-11)/(99/(-45)) + (72 - 2) is divided by j.
8
Let l = 115 + 75. Let r = 306 + 405. Let g = r + -695. Calculate the remainder when l is divided by g.
14
Let n be 0 + 3/(-9)*(4 - -2). Suppose 2*w - 3*f - 86 + 4 = 0, -5*w = -2*f - 194. What is the remainder when w is divided by (-3*n/6)/((-5)/(-70))?
10
Let t(l) = -l**2 - 22*l + 27. Let p be t(-15). Suppose 8*r - p - 20 = 0. What is the remainder when 53 is divided by r?
15
Suppose 7*s - 33*s + 55 = 29*s. Suppose 5*y - 8 - 12 = 0. Calculate the remainder when y is divided by s.
0
Let b = -2 + 12. Let t = -4410 - -4449. What is the remainder when t is divided by b?
9
Let z = -4 + 14. Let i = 1251 - 1241. What is the remainder when i is divided by z?
0
Let u = -11774 + 12041. What is the remainder when 323 is divided by u?
56
Suppose -c - 25*m = -29*m - 550, 2*m + 10 = 0. Calculate the remainder when 1598 is divided by c.
8
Suppose -16*l = -3*l. Suppose l = 20*u - 1809 - 1971. What is the remainder when u is divided by 64?
61
Suppose 13154 = 16*s + 2139 + 1159. Calculate the remainder when s is divided by 59.
26
Suppose 54*x - 2144 + 645 = 2821. What is the remainder when 225 is divided by x?
65
Let f be (16/56)/(2/(-14)). Let p be f/(-3)*(-38 - 7). Let i = 37 + p. Calculate the remainder when 15 is divided by i.
1
Let m(j) = 4*j + 11. Suppose -17*h = 155*h - 13244. Calculate the remainder when h is divided by m(5).
15
Let d(b) = 2*b**2 - 79*b - 623. What is the remainder when d(52) is divided by 38?
31
Let l(r) = 8*r**2 + 46*r - 48. What is the remainder when 1204 is divided by l(1)?
4
Let z(k) = -19*k + 8*k + 21 - 12*k - 29 - 23. Calculate the remainder when 127 is divided by z(-3).
13
Let v(c) = -2*c**2 - 42*c + 399. Calculate the remainder when 547 is divided by v(-28).
1
Let a(d) = -237*d - 192. What is the remainder when a(-2) is divided by 18?
12
Let b = 18 - 24. Let v(a) = a**3 + 8*a**2 + 7*a + 9. Calculate the remainder when v(b) is divided by 4.
3
Suppose 13*l = 9*l + 140. Suppose l*b - 10*b - 2300 = 0. Calculate the remainder when b is divided by 39.
14
Suppose 2 = -r, b + 5*r - 15 = -4*b. Suppose 9 = -2*d + b*d. Suppose 4*i + 3*v - 9 = 0, -25*i + v = -29*i + 11. Calculate the remainder when i is divided by d.
0
Let l(k) = k**3 - 5*k**2 + 2*k - 5. Let a = 14 - 7. What is the remainder when l(a) is divided by ((5 - 4) + 8)*9/(-6)*-2?
26
Suppose 0 = -3*h - 2*n + 30, -4*h + 3*n - 7 = -47. Suppose -h*g = -0*g - 270. Calculate the remainder when g is divided by 6.
3
Let c(p) = 48*p - 152. Let r be c(3). Let l(j) = -3*j**2 - 3*j - j - 6*j**2 - 3*j + 27 - j**3. What is the remainder when 37 is divided by l(r)?
18
Suppose 3*s + k = 133, 5*s - 5*k - 219 = -4*k. Suppose -39 = -2*h + 3*m + s, -5*h = -m - 188. What is the remainder when 108 is divided by h?
34
Let l(n) be the second derivative of -2*n**3 - 55*n**2 - 78*n. Calculate the remainder when l(-12) is divided by 5.
4
Suppose -3*j + 4*j = -10*j. Suppose j = -x - 23 + 28. Calculate the remainder when 33 is divided by x.
3
Suppose 75*f = 74*f + 14. Let p(l) = -16*l + 8 + 29*l - f*l. Calculate the remainder when 2 is divided by p(6).
0
Let k(b) = 88*b**2 + 343*b - 7. Calculate the remainder when 4200 is divided by k(-4).
24
Suppose -3*z - 1 = -256. Let c(f) = f**3 - 11*f**2 + 4*f - 26. What is the remainder when z is divided by c(11)?
13
Suppose -1140 = -518*l + 506*l. Suppose -l*q - 135 = -104*q. Calculate the remainder when q is divided by ((-10)/(-8))/((-2)/(-16)).
5
Let u(j) = 3*j**2 - 3*j + 3. Suppose 3*t - 16 = s, 35*t = 40*t - 4*s - 29. Calculate the remainder when u(2) is divided by t.
4
Let m(p) = 49 + 40*p + 13 + 6*p**2 - 4*p**2. What is the remainder when 43 is divided by m(-19)?
19
Let h(q) = 3*q**2 - 3*q - 3. Let n be h(5). Suppose n*g - 1 = 58*g. Calculate the remainder when 165 is divided by g/3*-51 - 3.
11
Suppose 0 = -36*a + 44*a + 56. Let u be -1 - -1 - (49/a - -3). Suppose 6*h + u*c - 46 = 3*h, h - 17 = -c. Calculate the remainder when 33 is divided by h.
11
Suppose -3*k - 4*x + 118 = 0, 5*k = -x - 2*x + 182. Let z(p) = 10*p + 436. Calculate the remainder when z(-10) is divided by k.
30
Let s be 204/21 + -10 - (-422)/7. Calculate the remainder when -208*(-2)/6*135/s is divided by 10.
6
Suppose 3*j = p - 110, -5*j = 5*p - 3*p - 242. Let q = -1810 - -1827. Calculate the remainder when p is divided by q.
14
Suppose 2*b + h + 19 = 4*b, -2*h = 3*b - 46. What is the remainder when 4*(-22)/b*(-7896)/112 is divided by 14?
13
Suppose -y + 3*d + 1310 = 23, 0 = 2*d - 6. Calculate the remainder when y is divided by 186.
180
Suppose -79*x + 2020 = 5*r - 76*x, r - 4*x = 404. What is the remainder when 842 is divided by r?
34
Let f(r) = 57*r + 437. Let l be f(6). Let o = l + -206. Calculate the remainder when o is divided by 41.
40
Suppose -23*f + 6*f + 1768 = 0. Let g be ((0/3)/3)/2. What is the remainder when f is divided by 9/1*(g - -3)?
23
Suppose -4*f + 1227 = 3*c, 5*c + 942 = -22*f + 25*f. What is the remainder when f is divided by 50?
9
Let i = -742 - -729. Let z(t) = -t + 37. What is the remainder when 198 is divided by z(i)?
48
Suppose 2*n + 140 = 3*n. Suppose 6 + 4 = 5*g, 0 = 2*q + 5*g - n. Suppose -3*b = -4*u - 55, -3*b -